List the prime factors of p.
2, 5
Suppose -2*r + 4*u + 664 = 0, -5*r - u = -2*u - 1660. List the prime factors of r.
2, 83
What are the prime factors of (2 + (-40)/32)*(172 + 0)?
3, 43
Let i = -1135 - -593. Let t = 879 + i. What are the prime factors of t?
337
Let y = 3875 + -1100. What are the prime factors of y?
3, 5, 37
Suppose 3*p - 15 = 0, 5*k = -3*p + 3592 + 6228. List the prime factors of k.
37, 53
Let o(r) = 2555*r**2 - 2*r - 1. What are the prime factors of o(-1)?
2, 3, 71
Let h(t) be the first derivative of t**3/3 + 4*t**2 - t - 2. Let o be h(-10). Suppose -o = -4*w + 73. List the prime factors of w.
23
Let s(m) = -m**2 + 15*m - 24. List the prime factors of s(10).
2, 13
Suppose -2*v - 3*g + 6426 = 0, -7*v + 6422 = -5*v + 4*g. List the prime factors of v.
3, 29, 37
Suppose 3*j - 13 = -3*b + 26, -j = 4*b - 46. Let u = 15 - b. Suppose 4*n + 11 = u*l - 17, 3*l = -4*n + 49. What are the prime factors of l?
11
Let o(w) = -w**3 + 8*w**2 - 5*w. Let m be 2 + ((-24)/(-4) - 2). Suppose -28 = -m*g + 2*g. List the prime factors of o(g).
2, 7
Let v = -8 + 7. Let j = 1 - v. Suppose j - 6 = -q. List the prime factors of q.
2
Suppose -4*q + 0*q + 169 = -3*f, 3*q + 65 = -f. Let i = 127 + f. What are the prime factors of i?
2, 17
Let x(f) = 28*f + 50. What are the prime factors of x(5)?
2, 5, 19
Let k = 1776 - 622. What are the prime factors of k?
2, 577
Let k = -4213 - -5944. What are the prime factors of k?
3, 577
Suppose 269*h - 276*h = -3045. What are the prime factors of h?
3, 5, 29
Suppose 4*t = -0*t. Let d = t + 5. Suppose 4*j + 2 = 3*n - 14, 0 = -d*n - 2*j + 18. What are the prime factors of n?
2
Suppose -4*g + g - 333 = 0. Let f = g + 168. Let q = f + -39. List the prime factors of q.
2, 3
Suppose 6 = 2*t - 0*t, -4*t + 13 = -q. Let m be q*(-3 - -880) + 1. List the prime factors of m/(-36) + 2/3.
5
Suppose 6*z - 36 = 2*z. Let q(i) = 8*i + 2 - z*i - 2. What are the prime factors of q(-6)?
2, 3
Let o = 34 + -42. What are the prime factors of (-2)/(o/396*3)?
3, 11
Let l(f) = f**3 - 5*f**2 + 3*f + 2. Let o be l(4). Let r = o - -24. What are the prime factors of r?
2, 11
Let n be (0 + -2)*(-16)/8. Suppose -n*r = -5*r + 87. List the prime factors of r.
3, 29
Suppose -g + 5*q + 307 = 2*q, -2*g - 4*q = -594. What are the prime factors of g?
7, 43
Let h = -1101 + 2220. What are the prime factors of h?
3, 373
Let d(b) = -b - 4. Suppose -3*a + 7*a + 156 = 0. Let c(x) = 7*x + 24. Let h(y) = a*d(y) - 6*c(y). What are the prime factors of h(-8)?
2, 3
Let m(f) = f**3 - 5*f - 70. List the prime factors of m(8).
2, 3, 67
Let m(w) = -w**2 + 22*w - 11. Let v be m(19). Suppose d - 29 - v = -r, -4*d + r = -325. What are the prime factors of d?
2, 5
Let w(h) = 3*h - 5. Let j = -11 - -15. Let b be w(j). Let l = -4 + b. List the prime factors of l.
3
Let p(c) = 25*c**2 + 1. Let v be 15/(-10) + 13/2. Suppose 1 = -v*l - 4. What are the prime factors of p(l)?
2, 13
Let j be 126/26 + 15/13 + -1. Suppose -v = j*d + v - 860, d = 4*v + 150. What are the prime factors of d?
2, 5, 17
Let y = 41 + 72. Suppose -c - 3*c = -a - 235, 2*c - y = 5*a. Suppose -4*s = -2*s - 4*h - 54, -2*s - h + c = 0. List the prime factors of s.
29
Let p be ((-27)/18)/((-1)/10). Suppose 12 = h + 5*u - p, 2*u = 2*h - 90. List the prime factors of h.
2, 3, 7
Let y(j) = -25*j + 181. List the prime factors of y(-30).
7, 19
Let r be -50 - -1*(6 - 3). List the prime factors of -3 + 5/5 - r.
3, 5
Let j(l) = 2*l + 15. Let h(v) = v + 14. Let i(t) = 5*h(t) - 4*j(t). Let x be i(-5). Let n = x - 14. What are the prime factors of n?
11
Let k(s) be the second derivative of -s**4/12 - 7*s**3/6 - 7*s**2/2 - 7*s. Let a be k(-5). What are the prime factors of 4 + (-9)/a + 44?
3, 5
Let k(n) = -418*n + 45. What are the prime factors of k(-2)?
881
Let n(u) = 16*u - 21. List the prime factors of n(19).
283
Let k be (-80)/(-45) - (-6)/27. Let a(u) = 30*u + 3. List the prime factors of a(k).
3, 7
Let y(x) = x**3 - 9*x**2 + 2*x - 11. Let l be y(9). Suppose k = -5*k + 192. Let t = k - l. List the prime factors of t.
5
Let u(q) be the third derivative of q**4/24 - 3*q**2. What are the prime factors of u(15)?
3, 5
Suppose -3*a - 24 + 36 = 0. Suppose a*x = 125 + 23. Suppose -p + 4*t = -16, 3*p + 4*t - 75 - x = 0. What are the prime factors of p?
2
Let x(i) = -i**3 - 39*i**2 + 72*i + 27. List the prime factors of x(-42).
3, 5, 17
What are the prime factors of (431/2)/(17/34)?
431
Let g = 362 + -68. What are the prime factors of g?
2, 3, 7
Suppose 78 + 22 = 4*n. Suppose -2*r = -n + 1. Suppose r = j - 4. List the prime factors of j.
2
Let i(y) = 7*y**2 + 7*y - 13. What are the prime factors of i(-10)?
617
Let m(u) = u + 12. Let r be 0 + (2 - 3) + -7. Let o be m(r). Suppose 0 = 4*l - 4*w - 232, 6*l + 3*w - 131 = o*l. What are the prime factors of l?
61
What are the prime factors of (-3)/12*24/(-18)*2085?
5, 139
Suppose -2*j + y = -4*j + 737, 4*y = 3*j - 1089. Let z = j + -259. List the prime factors of z.
2, 3
Let i(t) = t**3 - 10*t**2 - 6*t - 13. Let y be i(11). What are the prime factors of y/(-12)*4*11/(-2)?
7, 11
Let b be (78/(-15))/((-1)/(-30)). Let v = b - -220. What are the prime factors of v?
2
Let l = -1391 - -2052. List the prime factors of l.
661
Suppose 0 = -47*t + 41*t + 564. Suppose t + 816 = 10*y. What are the prime factors of y?
7, 13
Let b = -996 + 1939. What are the prime factors of b?
23, 41
Let w(h) = -h - 1. Let y(l) = -4*l + 13. Let k(u) = 6*w(u) + y(u). Let v be k(-8). Suppose 4*i = 53 + v. List the prime factors of i.
5, 7
Let t be (3/((-15)/(-20)))/(-2). List the prime factors of t/(-3)*(-3417)/(-34).
67
Suppose -4*y + 148 = 3*s, -s - s = 8. What are the prime factors of y*1 - (-1 - -3)?
2, 19
Let x(p) be the second derivative of -p**5/20 - p**4/3 - 5*p**3/3 + 5*p**2/2 + 15*p. What are the prime factors of x(-5)?
2, 5
Suppose -2*y - 15 = -5*y, 30 = 4*n + 2*y. Suppose 5*z + 30 = -n. Let v = 14 - z. What are the prime factors of v?
3, 7
Suppose -5*y - 5*d = -35 + 10, -11 = -y + 5*d. Let t(w) = 2*w**2 - 3*w + 11. What are the prime factors of t(y)?
5, 13
Let s = 348 - -629. List the prime factors of s.
977
Let f = 27 - -65. What are the prime factors of f?
2, 23
Let r = 22 + -14. Suppose x + 0 = 2. Suppose -s - x = -r. List the prime factors of s.
2, 3
Let b = -4622 + 7809. What are the prime factors of b?
3187
Let v = -65 + 59. What are the prime factors of v/15 + -2 + 291/15?
17
Let c(g) = -g**2 + 20*g - 13. Suppose 5*t - 4*t = -5. Let h(w) = -3*w**2 + 41*w - 27. Let l(j) = t*c(j) + 2*h(j). What are the prime factors of l(-13)?
2, 19
Let m(w) = 12*w**3 - 3*w**2 - 20*w + 66. List the prime factors of m(5).
13, 107
Let o(t) = -78*t + 1. Let k be o(-1). Let b = -39 + k. Suppose -r + b = r - 3*d, -4*d = -2*r + 44. List the prime factors of r.
2, 7
Let c = 26 + 286. List the prime factors of c.
2, 3, 13
Suppose 9*v + 16378 = 28*v. What are the prime factors of v?
2, 431
Let l(b) = -7*b**2 - b**3 + 8*b - b**3 + b**3 + 8. Let j be l(-8). List the prime factors of 776/32 + (-2)/j.
2, 3
Let f(g) be the third derivative of g**4/24 + 23*g**3/6 - 11*g**2. List the prime factors of f(-18).
5
Suppose 0 = 4*o - y - 1 - 2, -4*o + 4*y = 12. Suppose 0 = -o*v + 56 + 40. List the prime factors of v.
2, 3
Let x = 4 - 0. Let c(b) = b - 9*b - b + b - x. List the prime factors of c(-3).
2, 5
List the prime factors of -4 + (-44)/(-12) + 775/3.
2, 3, 43
Let a = -1488 - -1994. List the prime factors of a.
2, 11, 23
Suppose -y + 1 = -2*j - 2*j, -2 = 2*j - 2*y. Suppose -5*s = 5*l - 2*l - 184, -5*l - s + 292 = j. List the prime factors of l.
2, 29
Let z be -4 - 1/(1/(-335)). Let n = z - 167. What are the prime factors of n?
2, 41
Suppose 4*p = -4*i + 16, 3*p - 4 - 5 = -2*i. Suppose 4*v - 5*v = -i*s + 90, 4*s - 2*v = 122. List the prime factors of s.
29
Suppose 0 = 3*f - 11*f + 8. Let q be 0 + 2 - (-2)/f. List the prime factors of 3 + 39 + (-8)/q.
2, 5
Let o(r) = r**2 - 2*r - 3. Let m(h) = h**2 + 9*h - 14. Let y be m(-11). Suppose l - y + 3 = 0. What are the prime factors of o(l)?
2, 3
Let l(b) = -b**3 + 7*b**2 - 5*b - 6. Let u be l(6). Let z = 10 + u. Suppose z = -f + 16. List the prime factors of f.
2, 3
Let r(c) = 0*c**3 - c**3 + 2*c - 3*c**2 - 1 - 10 - 2*c**2. Let w be r(-6). Let x = w + -9. List the prime factors of x.
2
Suppose 